{"id":286,"date":"2016-10-31T13:17:59","date_gmt":"2016-10-31T16:17:59","guid":{"rendered":"https:\/\/eet1nogoya-ers.infd.edu.ar\/sitio\/?page_id=286"},"modified":"2025-11-07T11:16:24","modified_gmt":"2025-11-07T14:16:24","slug":"inicio","status":"publish","type":"page","link":"https:\/\/eet1nogoya-ers.infd.edu.ar\/sitio\/","title":{"rendered":"Inicio"},"content":{"rendered":"<section id=\"presentacion\" style=\"padding: 50px 20px; background-color: #f5f7fa; text-align: center;\">\n<div style=\"max-width: 1000px; margin: auto;\">\n<h2 style=\"font-size: 2em; color: #003366; margin-bottom: 20px; font-weight: 700;\">\n      Bienvenidos a la Escuela de Educaci\u00f3n T\u00e9cnica y Superior N\u00b01 de Nogoy\u00e1<br \/>\n    <\/h2>\n<p style=\"font-size: 1.1em; color: #333; line-height: 1.7; margin-bottom: 30px;\">\n      Nuestra instituci\u00f3n brinda formaci\u00f3n t\u00e9cnica y humana, comprometida con el desarrollo<br \/>\n      productivo y social de la regi\u00f3n. Promovemos la innovaci\u00f3n, el trabajo en equipo y la<br \/>\n      educaci\u00f3n como herramienta para transformar el futuro.\n    <\/p>\n<p>    <a href=\"\/sitio\/contexto-institucional\/\" \n       style=\"display: inline-block; padding: 12px 25px; background-color: #003366; \n              color: white; text-decoration: none; border-radius: 4px; font-weight: 600;\"><br \/>\n      Conoc\u00e9 m\u00e1s sobre nuestra escuela<br \/>\n    <\/a>\n  <\/div>\n<\/section>\n<div style=\"max-width:1200px; margin:auto;\">\n  <!-- MetaSlider 123 not found -->\n<\/div>\n<section id=\"institucion\" style=\"padding: 60px 20px; background-color: #ffffff;\">\n<div style=\"max-width: 1100px; margin: auto; display: flex; flex-wrap: wrap; align-items: center;\">\n<p>    <!-- Imagen institucional --><\/p>\n<div style=\"flex: 1 1 400px; text-align: center; padding: 20px;\">\n      <img decoding=\"async\" src=\"https:\/\/eet1nogoya-ers.infd.edu.ar\/sitio\/wp-content\/uploads\/2023\/09\/escuela-frente.jpg\" \n           alt=\"Frente de la Escuela T\u00e9cnica y Superior N\u00b01 de Nogoy\u00e1\" \n           style=\"width: 100%; border-radius: 10px; box-shadow: 0 3px 10px rgba(0,0,0,0.1);\">\n    <\/div>\n<p>    <!-- Texto institucional --><\/p>\n<div style=\"flex: 1 1 600px; padding: 20px;\">\n<h2 style=\"font-size: 2em; color: #003366; font-weight: 700; margin-bottom: 15px;\">\n        Nuestra Instituci\u00f3n<br \/>\n      <\/h2>\n<p style=\"color: #333; line-height: 1.7; margin-bottom: 15px;\">\n        La <strong>Escuela de Educaci\u00f3n T\u00e9cnica y Superior N\u00b01 de Nogoy\u00e1<\/strong> es una instituci\u00f3n<br \/>\n        p\u00fablica de gesti\u00f3n estatal comprometida con la formaci\u00f3n t\u00e9cnica y profesional de j\u00f3venes<br \/>\n        y adultos. Fundada en 1936 bajo el nombre de <em>Escuela de Oficios Rurales y Agr\u00edcolas<\/em>,<br \/>\n        ha evolucionado junto a los cambios productivos, tecnol\u00f3gicos y sociales de la regi\u00f3n.\n      <\/p>\n<p style=\"color: #333; line-height: 1.7; margin-bottom: 15px;\">\n        Actualmente ofrece formaci\u00f3n en especialidades del Nivel Secundario T\u00e9cnico y carreras<br \/>\n        del Nivel Superior, tales como Profesorado en Educaci\u00f3n Tecnol\u00f3gica, Profesorado en<br \/>\n        Educaci\u00f3n Secundaria en Qu\u00edmica, Tecnicatura en Gastronom\u00eda, Tecnicatura en Tecnolog\u00eda<br \/>\n        de los Alimentos y Tecnicatura Superior en Mantenimiento Industrial.\n      <\/p>\n<p style=\"color: #333; line-height: 1.7; margin-bottom: 25px;\">\n        Con una matr\u00edcula activa de m\u00e1s de <strong>580 estudiantes<\/strong> entre ambos niveles, la instituci\u00f3n<br \/>\n        promueve una educaci\u00f3n integral, inclusiva y de calidad, orientada al desarrollo local y<br \/>\n        regional, con infraestructura moderna, talleres equipados y recursos tecnol\u00f3gicos de vanguardia.\n      <\/p>\n<p>      <a href=\"\/sitio\/contexto-institucional\/\" \n         style=\"display: inline-block; padding: 12px 25px; background-color: #003366; \n                color: white; text-decoration: none; border-radius: 4px; font-weight: 600;\"><br \/>\n        Ver m\u00e1s sobre la historia y la misi\u00f3n<br \/>\n      <\/a>\n    <\/div>\n<\/p><\/div>\n<\/section>\n<p><!--<img decoding=\"async\" src=\"https:\/\/eet1nogoya-ers.infd.edu.ar\/sitio\/wp-content\/uploads\/2024\/03\/Atencion.png\" alt=\"Carreras 2024\" \/>--><\/p>\n<p><center><a href=\"https:\/\/docs.google.com\/forms\/d\/e\/1FAIpQLSfNwa0ii2huZQCyEJX_kBbK06QT8PT3aHrizNDkEtiPRhLPOw\/viewform?fbclid=IwY2xjawNJSkxleHRuA2FlbQIxMABicmlkETFhUVZpVHZSWDQ2YTBWcUxLAR78GhoALaivSvBlbjAvxbqP6LFKwgleiT1qHcUPf7jZyTE6JVguaecaZ6tbGQ_aem_Y652JCN9Db-fn4HrVGirTA\" target=\"_blank\" rel=\"noopener\"><img decoding=\"async\" loading=\"lazy\" class=\"alignnone size-full wp-image-1685\" src=\"https:\/\/eet1nogoya-ers.infd.edu.ar\/sitio\/wp-content\/uploads\/2022\/11\/PreInscripcionCarreras.jpg\" alt=\"\" width=\"800\" height=\"250\" srcset=\"https:\/\/eet1nogoya-ers.infd.edu.ar\/sitio\/wp-content\/uploads\/2022\/11\/PreInscripcionCarreras.jpg 800w, https:\/\/eet1nogoya-ers.infd.edu.ar\/sitio\/wp-content\/uploads\/2022\/11\/PreInscripcionCarreras-768x240.jpg 768w\" sizes=\"(max-width: 800px) 100vw, 800px\" \/><\/a><\/center><center><\/center><center>Documentaci\u00f3n Requerida<\/center><center><\/center><\/p>\n<ul>\n<li>Fotocopia del DNI<\/li>\n<li>Constancia de CUIL<\/li>\n<li>Fotocopia de la Partida de Nacimiento<\/li>\n<li>Fotocopia del T\u00edtulo o Constancia de T\u00edtulo en Tr\u00e1mite<\/li>\n<li>2 Fotos 4 x4\u00a0<\/li>\n<li>Planilla de Inscripci\u00f3n Nivel Superior ( Fotocopiadora Helen )<\/li>\n<li>Carpeta A4 Tapa Transparente<\/li>\n<\/ul>\n<p><!--\n\n\n<h2 style=\"text-align: center;\"><strong>Mesas de Examen Turno Febrero Marzo<\/strong><\/h2>\n\n\n\n\n<p style=\"text-align: center;\">La fechas de inscripci\u00f3n a las mesas de examen del turno Febrero Marzo, ser\u00e1n los d\u00edas mi\u00e9rcoles 12 y jueves 13 de febrero de 2025.<\/p>\n\n\n\n\n<h2 style=\"text-align: center;\"><a href=\"https:\/\/eet1nogoya-ers.infd.edu.ar\/sitio\/mesas-de-examen-turno-febrero-marzo\/\" target=\"_blank\" rel=\"noopener\">Mesas de Examen - Febrero\/Marzo<\/a><\/h2>\n\n\n--><\/p>\n<p><!-- Inscripciones a Mesas\n<a href=\"https:\/\/forms.gle\/9vGMZgQ8Zg758XRQ7\"><img decoding=\"async\" loading=\"lazy\" class=\"aligncenter wp-image-1189 size-full\" src=\"https:\/\/eet1nogoya-ers.infd.edu.ar\/sitio\/wp-content\/uploads\/2020\/10\/2200-PRE.jpg\" alt=\"\" width=\"628\" height=\"261\" \/><\/a>\n\n<a href=\"https:\/\/forms.gle\/hbd2rdbuc1AEovko6\"><img decoding=\"async\" class=\"aligncenter\" src=\"https:\/\/eet1nogoya-ers.infd.edu.ar\/sitio\/wp-content\/uploads\/2019\/03\/InscripcionUnidadesCurriculares.jpg\" \/><\/a>\n\n--><\/p>\n<p><!-- Inscripciones a Mesas\n\n\n<tr>\n\n<td>\n<a href=\"https:\/\/forms.gle\/HW7yoJyCCgEXDB2n8\"><img decoding=\"async\" loading=\"lazy\" class=\" wp-image-1155 alignleft\" src=\"https:\/\/eet1nogoya-ers.infd.edu.ar\/sitio\/wp-content\/uploads\/2020\/02\/1llamado.png\" alt=\"\" width=\"491\" height=\"172\" \/><\/a><\/td>\n\n\n\n<td><a href=\"https:\/\/forms.gle\/RgV2rLrxLBixcpww6\"><img decoding=\"async\" loading=\"lazy\" class=\" wp-image-1156 alignright\" src=\"https:\/\/eet1nogoya-ers.infd.edu.ar\/sitio\/wp-content\/uploads\/2020\/02\/2llamado.png\" alt=\"\" width=\"490\" height=\"173\" \/><\/a><\/td>\n\n<\/tr>\n\n\n --><\/p>\n<style>.wp-show-posts-columns#wpsp-383 {margin-left: -2em; }.wp-show-posts-columns#wpsp-383 .wp-show-posts-inner {margin: 0 0 2em 2em; }<\/style><section id=\"wpsp-383\" class=\" wp-show-posts-columns wp-show-posts\" style=\"\"><article class=\" wp-show-posts-single post-2144 post type-post status-publish format-standard hentry category-infoimportante wpsp-col-4\" itemtype=\"http:\/\/schema.org\/CreativeWork\" itemscope><div class=\"wp-show-posts-inner\" style=\"\">\t\t\t\t\t\t<header class=\"wp-show-posts-entry-header\">\n\t\t\t\t\t\t\t<h2 class=\"wp-show-posts-entry-title\" itemprop=\"headline\"><a href=\"https:\/\/eet1nogoya-ers.infd.edu.ar\/sitio\/llamado-a-concurso-n3-tsg-2do-llamado\/\" rel=\"bookmark\">Llamado a concurso N\u00b03 &#8211; TSG 2do llamado<\/a><\/h2><div class=\"wp-show-posts-entry-meta wp-show-posts-entry-meta-below-title post-meta-inline\"><span class=\"wp-show-posts-posted-on wp-show-posts-meta\">\n\t\t\t\t\t<a href=\"https:\/\/eet1nogoya-ers.infd.edu.ar\/sitio\/llamado-a-concurso-n3-tsg-2do-llamado\/\" title=\"6:43 pm\" rel=\"bookmark\"><time class=\"wp-show-posts-entry-date published\" datetime=\"2026-02-25T18:43:06-03:00\" itemprop=\"datePublished\">25 febrero, 2026<\/time><time class=\"wp-show-posts-updated\" datetime=\"2026-02-25T18:43:08-03:00\" itemprop=\"dateModified\">25 febrero, 2026<\/time><\/a>\n\t\t\t\t<\/span><\/div>\t\t\t\t\t\t<\/header><!-- .entry-header -->\n\t\t\t\t\t\t\t\t\t\t\t<div class=\"wp-show-posts-entry-summary\" itemprop=\"text\">\n\t\t\t\t\t\t\t<p>La Escuela de Educaci\u00f3n T\u00e9cnica y Superior N\u00ba1 de la ciudad de &nbsp;Nogoy\u00e1 CUE 3001147, llama a Concurso Docente de Nivel Superior, para la cobertura de horas c\u00e1tedras de acuerdo&#8230;<\/p>\n\t\t\t\t\t\t<\/div><!-- .entry-summary -->\n\t\t\t\t\t<\/div><!-- wp-show-posts-inner --><\/article><article class=\" wp-show-posts-single post-2138 post type-post status-publish format-standard hentry category-infoimportante wpsp-col-4\" itemtype=\"http:\/\/schema.org\/CreativeWork\" itemscope><div class=\"wp-show-posts-inner\" style=\"\">\t\t\t\t\t\t<header class=\"wp-show-posts-entry-header\">\n\t\t\t\t\t\t\t<h2 class=\"wp-show-posts-entry-title\" itemprop=\"headline\"><a href=\"https:\/\/eet1nogoya-ers.infd.edu.ar\/sitio\/llamado-a-concurso-2-2026-tsmi-y-tsg\/\" rel=\"bookmark\">Llamado a concurso N\u00b02 &#8211; 2026 &#8211; TSMI y TSG<\/a><\/h2><div class=\"wp-show-posts-entry-meta wp-show-posts-entry-meta-below-title post-meta-inline\"><span class=\"wp-show-posts-posted-on wp-show-posts-meta\">\n\t\t\t\t\t<a href=\"https:\/\/eet1nogoya-ers.infd.edu.ar\/sitio\/llamado-a-concurso-2-2026-tsmi-y-tsg\/\" title=\"6:57 pm\" rel=\"bookmark\"><time class=\"wp-show-posts-entry-date published\" datetime=\"2026-02-23T18:57:13-03:00\" itemprop=\"datePublished\">23 febrero, 2026<\/time><time class=\"wp-show-posts-updated\" datetime=\"2026-02-23T19:01:56-03:00\" itemprop=\"dateModified\">23 febrero, 2026<\/time><\/a>\n\t\t\t\t<\/span><\/div>\t\t\t\t\t\t<\/header><!-- .entry-header -->\n\t\t\t\t\t\t\t\t\t\t\t<div class=\"wp-show-posts-entry-summary\" itemprop=\"text\">\n\t\t\t\t\t\t\t<p>La Escuela de Educaci\u00f3n T\u00e9cnica y Superior N\u00ba1 de la ciudad de Nogoy\u00e1 CUE 3001147, llama a Concurso Docente de Nivel Superior, para la cobertura de horas c\u00e1tedras de acuerdo&#8230;<\/p>\n\t\t\t\t\t\t<\/div><!-- .entry-summary -->\n\t\t\t\t\t<\/div><!-- wp-show-posts-inner --><\/article><article class=\" wp-show-posts-single post-2125 post type-post status-publish format-standard hentry category-infoimportante wpsp-col-4\" itemtype=\"http:\/\/schema.org\/CreativeWork\" itemscope><div class=\"wp-show-posts-inner\" style=\"\">\t\t\t\t\t\t<header class=\"wp-show-posts-entry-header\">\n\t\t\t\t\t\t\t<h2 class=\"wp-show-posts-entry-title\" itemprop=\"headline\"><a href=\"https:\/\/eet1nogoya-ers.infd.edu.ar\/sitio\/llamado-a-concurso-n1-2026-tsg\/\" rel=\"bookmark\">Llamado a concurso N\u00b01 &#8211; 2026 &#8211; TSG<\/a><\/h2><div class=\"wp-show-posts-entry-meta wp-show-posts-entry-meta-below-title post-meta-inline\"><span class=\"wp-show-posts-posted-on wp-show-posts-meta\">\n\t\t\t\t\t<a href=\"https:\/\/eet1nogoya-ers.infd.edu.ar\/sitio\/llamado-a-concurso-n1-2026-tsg\/\" title=\"7:58 pm\" rel=\"bookmark\"><time class=\"wp-show-posts-entry-date published\" datetime=\"2026-02-12T19:58:58-03:00\" itemprop=\"datePublished\">12 febrero, 2026<\/time><time class=\"wp-show-posts-updated\" datetime=\"2026-02-12T19:59:01-03:00\" itemprop=\"dateModified\">12 febrero, 2026<\/time><\/a>\n\t\t\t\t<\/span><\/div>\t\t\t\t\t\t<\/header><!-- .entry-header -->\n\t\t\t\t\t\t\t\t\t\t\t<div class=\"wp-show-posts-entry-summary\" itemprop=\"text\">\n\t\t\t\t\t\t\t<p>La Escuela de Educaci\u00f3n T\u00e9cnica y Superior N\u00ba1 de la ciudad de &nbsp;Nogoy\u00e1 CUE 3001147, llama a Concurso Docente de Nivel Superior, para la cobertura de horas c\u00e1tedras de acuerdo&#8230;<\/p>\n\t\t\t\t\t\t<\/div><!-- .entry-summary -->\n\t\t\t\t\t<\/div><!-- wp-show-posts-inner --><\/article><div class=\"wpsp-clear\"><\/div><\/section><!-- .wp-show-posts -->\n<style>.wp-show-posts-columns#wpsp-1482 {margin-left: -2em; }.wp-show-posts-columns#wpsp-1482 .wp-show-posts-inner {margin: 0 0 2em 2em; }<\/style><section id=\"wpsp-1482\" class=\" wp-show-posts\" style=\"\"><article class=\" wp-show-posts-single wpsp-clearfix post-2144 post type-post status-publish format-standard hentry category-infoimportante\" itemtype=\"http:\/\/schema.org\/CreativeWork\" itemscope><div class=\"wp-show-posts-inner\" style=\"\">\t\t\t\t\t\t<header class=\"wp-show-posts-entry-header\">\n\t\t\t\t\t\t\t<h2 class=\"wp-show-posts-entry-title\" itemprop=\"headline\"><a href=\"https:\/\/eet1nogoya-ers.infd.edu.ar\/sitio\/llamado-a-concurso-n3-tsg-2do-llamado\/\" rel=\"bookmark\">Llamado a concurso N\u00b03 &#8211; TSG 2do llamado<\/a><\/h2><div class=\"wp-show-posts-entry-meta wp-show-posts-entry-meta-below-title post-meta-inline\"><span class=\"wp-show-posts-posted-on wp-show-posts-meta\">\n\t\t\t\t\t<a href=\"https:\/\/eet1nogoya-ers.infd.edu.ar\/sitio\/llamado-a-concurso-n3-tsg-2do-llamado\/\" title=\"6:43 pm\" rel=\"bookmark\"><time class=\"wp-show-posts-entry-date published\" datetime=\"2026-02-25T18:43:06-03:00\" itemprop=\"datePublished\">25 febrero, 2026<\/time><time class=\"wp-show-posts-updated\" datetime=\"2026-02-25T18:43:08-03:00\" itemprop=\"dateModified\">25 febrero, 2026<\/time><\/a>\n\t\t\t\t<\/span><\/div>\t\t\t\t\t\t<\/header><!-- .entry-header -->\n\t\t\t\t\t\t\t\t\t\t\t<div class=\"wp-show-posts-entry-summary\" itemprop=\"text\">\n\t\t\t\t\t\t\t<p>La Escuela de Educaci\u00f3n T\u00e9cnica y Superior N\u00ba1 de la ciudad de &nbsp;Nogoy\u00e1 CUE 3001147, llama a Concurso Docente de Nivel Superior, para la cobertura de horas c\u00e1tedras de acuerdo&#8230;<\/p>\n\t\t\t\t\t\t<\/div><!-- .entry-summary -->\n\t\t\t\t\t<\/div><!-- wp-show-posts-inner --><div class=\"wpsp-clear\"><\/div><\/article><article class=\" wp-show-posts-single wpsp-clearfix post-2138 post type-post status-publish format-standard hentry category-infoimportante\" itemtype=\"http:\/\/schema.org\/CreativeWork\" itemscope><div class=\"wp-show-posts-inner\" style=\"\">\t\t\t\t\t\t<header class=\"wp-show-posts-entry-header\">\n\t\t\t\t\t\t\t<h2 class=\"wp-show-posts-entry-title\" itemprop=\"headline\"><a href=\"https:\/\/eet1nogoya-ers.infd.edu.ar\/sitio\/llamado-a-concurso-2-2026-tsmi-y-tsg\/\" rel=\"bookmark\">Llamado a concurso N\u00b02 &#8211; 2026 &#8211; TSMI y TSG<\/a><\/h2><div class=\"wp-show-posts-entry-meta wp-show-posts-entry-meta-below-title post-meta-inline\"><span class=\"wp-show-posts-posted-on wp-show-posts-meta\">\n\t\t\t\t\t<a href=\"https:\/\/eet1nogoya-ers.infd.edu.ar\/sitio\/llamado-a-concurso-2-2026-tsmi-y-tsg\/\" title=\"6:57 pm\" rel=\"bookmark\"><time class=\"wp-show-posts-entry-date published\" datetime=\"2026-02-23T18:57:13-03:00\" itemprop=\"datePublished\">23 febrero, 2026<\/time><time class=\"wp-show-posts-updated\" datetime=\"2026-02-23T19:01:56-03:00\" itemprop=\"dateModified\">23 febrero, 2026<\/time><\/a>\n\t\t\t\t<\/span><\/div>\t\t\t\t\t\t<\/header><!-- .entry-header -->\n\t\t\t\t\t\t\t\t\t\t\t<div class=\"wp-show-posts-entry-summary\" itemprop=\"text\">\n\t\t\t\t\t\t\t<p>La Escuela de Educaci\u00f3n T\u00e9cnica y Superior N\u00ba1 de la ciudad de Nogoy\u00e1 CUE 3001147, llama a Concurso Docente de Nivel Superior, para la cobertura de horas c\u00e1tedras de acuerdo&#8230;<\/p>\n\t\t\t\t\t\t<\/div><!-- .entry-summary -->\n\t\t\t\t\t<\/div><!-- wp-show-posts-inner --><div class=\"wpsp-clear\"><\/div><\/article><article class=\" wp-show-posts-single wpsp-clearfix post-2125 post type-post status-publish format-standard hentry category-infoimportante\" itemtype=\"http:\/\/schema.org\/CreativeWork\" itemscope><div class=\"wp-show-posts-inner\" style=\"\">\t\t\t\t\t\t<header class=\"wp-show-posts-entry-header\">\n\t\t\t\t\t\t\t<h2 class=\"wp-show-posts-entry-title\" itemprop=\"headline\"><a href=\"https:\/\/eet1nogoya-ers.infd.edu.ar\/sitio\/llamado-a-concurso-n1-2026-tsg\/\" rel=\"bookmark\">Llamado a concurso N\u00b01 &#8211; 2026 &#8211; TSG<\/a><\/h2><div class=\"wp-show-posts-entry-meta wp-show-posts-entry-meta-below-title post-meta-inline\"><span class=\"wp-show-posts-posted-on wp-show-posts-meta\">\n\t\t\t\t\t<a href=\"https:\/\/eet1nogoya-ers.infd.edu.ar\/sitio\/llamado-a-concurso-n1-2026-tsg\/\" title=\"7:58 pm\" rel=\"bookmark\"><time class=\"wp-show-posts-entry-date published\" datetime=\"2026-02-12T19:58:58-03:00\" itemprop=\"datePublished\">12 febrero, 2026<\/time><time class=\"wp-show-posts-updated\" datetime=\"2026-02-12T19:59:01-03:00\" itemprop=\"dateModified\">12 febrero, 2026<\/time><\/a>\n\t\t\t\t<\/span><\/div>\t\t\t\t\t\t<\/header><!-- .entry-header -->\n\t\t\t\t\t\t\t\t\t\t\t<div class=\"wp-show-posts-entry-summary\" itemprop=\"text\">\n\t\t\t\t\t\t\t<p>La Escuela de Educaci\u00f3n T\u00e9cnica y Superior N\u00ba1 de la ciudad de &nbsp;Nogoy\u00e1 CUE 3001147, llama a Concurso Docente de Nivel Superior, para la cobertura de horas c\u00e1tedras de acuerdo&#8230;<\/p>\n\t\t\t\t\t\t<\/div><!-- .entry-summary -->\n\t\t\t\t\t<\/div><!-- wp-show-posts-inner --><div class=\"wpsp-clear\"><\/div><\/article><\/section><!-- .wp-show-posts -->\n","protected":false},"excerpt":{"rendered":"<p>Bienvenidos a la Escuela de Educaci\u00f3n T\u00e9cnica y Superior N\u00b01 de Nogoy\u00e1 Nuestra instituci\u00f3n brinda formaci\u00f3n t\u00e9cnica y humana, comprometida con el desarrollo productivo y social de la regi\u00f3n. Promovemos la innovaci\u00f3n, el trabajo en equipo y la educaci\u00f3n como herramienta para transformar el futuro. Conoc\u00e9 m\u00e1s sobre nuestra escuela Nuestra Instituci\u00f3n La Escuela de &#8230; <a title=\"Llamado a concurso N\u00b01 &#8211; 2026 &#8211; TSG\" class=\"read-more\" href=\"https:\/\/eet1nogoya-ers.infd.edu.ar\/sitio\/llamado-a-concurso-n1-2026-tsg\/\" aria-label=\"More on Llamado a concurso N\u00b01 &#8211; 2026 &#8211; TSG\">[+]<\/a><\/p>\n","protected":false},"author":334,"featured_media":0,"parent":0,"menu_order":0,"comment_status":"closed","ping_status":"closed","template":"","meta":[],"acf":[],"_links":{"self":[{"href":"https:\/\/eet1nogoya-ers.infd.edu.ar\/sitio\/wp-json\/wp\/v2\/pages\/286"}],"collection":[{"href":"https:\/\/eet1nogoya-ers.infd.edu.ar\/sitio\/wp-json\/wp\/v2\/pages"}],"about":[{"href":"https:\/\/eet1nogoya-ers.infd.edu.ar\/sitio\/wp-json\/wp\/v2\/types\/page"}],"author":[{"embeddable":true,"href":"https:\/\/eet1nogoya-ers.infd.edu.ar\/sitio\/wp-json\/wp\/v2\/users\/334"}],"replies":[{"embeddable":true,"href":"https:\/\/eet1nogoya-ers.infd.edu.ar\/sitio\/wp-json\/wp\/v2\/comments?post=286"}],"version-history":[{"count":308,"href":"https:\/\/eet1nogoya-ers.infd.edu.ar\/sitio\/wp-json\/wp\/v2\/pages\/286\/revisions"}],"predecessor-version":[{"id":2106,"href":"https:\/\/eet1nogoya-ers.infd.edu.ar\/sitio\/wp-json\/wp\/v2\/pages\/286\/revisions\/2106"}],"wp:attachment":[{"href":"https:\/\/eet1nogoya-ers.infd.edu.ar\/sitio\/wp-json\/wp\/v2\/media?parent=286"}],"curies":[{"name":"wp","href":"https:\/\/api.w.org\/{rel}","templated":true}]}}